{"id":1707,"date":"2018-06-19T11:40:13","date_gmt":"2018-06-19T10:40:13","guid":{"rendered":"http:\/\/blogs.avui.cat\/pepmoliner\/"},"modified":"2018-07-04T10:31:08","modified_gmt":"2018-07-04T09:31:08","slug":"banners","status":"publish","type":"page","link":"https:\/\/blogs.avui.cat\/pepmoliner\/banners\/","title":{"rendered":"Banners"},"content":{"rendered":"<h2>Si vols apar\u00e8ixer en aquest blog, et faig un banner de forma gratuita<\/h2>\n<p><strong><a href=\"mailto:pep@mossenhoms.be\">vols el teu banner?<\/a><\/strong><\/p>\n<p>&nbsp;<\/p>\n<table cellspacing=\"0\" align=\"center\">\n<tbody>\n<tr style=\"text-align: justify\">\n<td><\/td>\n<td><\/td>\n<td><\/td>\n<\/tr>\n<tr style=\"text-align: justify\">\n<td>\n<h3><a href=\"http:\/\/www.elroure.net\/\" target=\"_blank\" rel=\"noopener noreferrer\"><img data-recalc-dims=\"1\" decoding=\"async\" src=\"https:\/\/i0.wp.com\/elroure.net\/rourenet.gif\" alt=\"\" \/><\/a><\/h3>\n<\/td>\n<td><\/td>\n<td>\n<h3><a href=\"http:\/\/www.elroure.net\/fisioterapiaroura\/\" target=\"_blank\" rel=\"noopener noreferrer\"><img data-recalc-dims=\"1\" decoding=\"async\" src=\"https:\/\/i0.wp.com\/elroure.net\/fisioterapiaroura\/Fisioterapia_elroure.gif\" alt=\"\" \/><\/a><\/h3>\n<\/td>\n<\/tr>\n<tr style=\"text-align: justify\">\n<td>\u00a0<a href=\"http:\/\/www.grevolsalut.com\/\" target=\"_blank\" rel=\"noopener noreferrer\"><img data-recalc-dims=\"1\" decoding=\"async\" src=\"https:\/\/i0.wp.com\/www.elroure.net\/grevol\/grevol_salut.gif\" alt=\"\"  align=\"top\" \/><\/a><\/td>\n<td><\/td>\n<td><a href=\"http:\/\/www.egargrafic.com\/\" target=\"_blank\" rel=\"noopener noreferrer\"><img data-recalc-dims=\"1\" decoding=\"async\" src=\"https:\/\/i0.wp.com\/www.josepmoliner.com\/egargrafic2.gif\" alt=\"\" \/><\/a><\/td>\n<\/tr>\n<tr style=\"text-align: justify\">\n<td><\/td>\n<td><\/td>\n<td><\/td>\n<\/tr>\n<tr style=\"text-align: justify\">\n<td>\u00a0<a href=\"http:\/\/civeracampoy.com\/index.php\/es\/\" target=\"_blank\" rel=\"noopener noreferrer\"><img data-recalc-dims=\"1\" decoding=\"async\" src=\"https:\/\/i0.wp.com\/josepmoliner.com\/Civera%26Campoy.gif\" alt=\"\" \/><\/a><\/td>\n<td><\/td>\n<td>\u00a0<a href=\"http:\/\/www.eledevall.com\/\" target=\"_blank\" rel=\"noopener noreferrer\"><img data-recalc-dims=\"1\" decoding=\"async\" src=\"https:\/\/i0.wp.com\/josepmoliner.com\/eledevall.gif\" alt=\"\" \/><\/a><\/td>\n<\/tr>\n<tr style=\"text-align: justify\">\n<td><\/td>\n<td><\/td>\n<td><\/td>\n<\/tr>\n<tr style=\"text-align: justify\">\n<td>\u00a0<strong><a href=\"mailto:banner@mossenhoms.be\">vols el teu banner?<\/a><\/strong><\/td>\n<td><\/td>\n<td>\u00a0<strong><a href=\"mailto:banner@mossenhoms.be\">vols el teu banner?<\/a><\/strong><\/td>\n<\/tr>\n<\/tbody>\n<\/table>\n<p>&nbsp;<\/p>\n","protected":false},"excerpt":{"rendered":"<p>Si vols apar\u00e8ixer en aquest blog, et faig un banner de forma gratuita vols el teu banner? &nbsp; \u00a0 \u00a0 \u00a0 \u00a0vols el teu banner? \u00a0vols el teu banner? &nbsp;<\/p>\n","protected":false},"author":171,"featured_media":0,"parent":0,"menu_order":0,"comment_status":"open","ping_status":"open","template":"","meta":{"jetpack_post_was_ever_published":false,"footnotes":""},"class_list":["post-1707","page","type-page","status-publish","hentry"],"jetpack_sharing_enabled":true,"jetpack_shortlink":"https:\/\/wp.me\/PagkiK-rx","jetpack-related-posts":[{"id":1482,"url":"https:\/\/blogs.avui.cat\/pepmoliner\/disseny-de-josep-moliner\/","url_meta":{"origin":1707,"position":0},"title":"Disseny de Josep Moliner","author":"Pep Moliner","date":"23 d'abril de 2018","format":false,"excerpt":"Com que havia treballat\u00a0pel meu compte, i no em sortia a conte, poso el meu logo a les cr\u00f2niques, per qu\u00e8 penseu amb mi si us surt la necessitat. Obert a les teves propostes. Escriure a\u00a0aquest blog \u00e9s una afici\u00f3. Poso alguna cosa del que havia fet i s\u00e9 fer.\u2026","rel":"","context":"Entrada similar","block_context":{"text":"Entrada similar","link":""},"img":{"alt_text":"","src":"https:\/\/i0.wp.com\/pepmoliner.blog.cat\/files\/2012\/05\/josepmolinerDisseny381x111-300x87.gif?resize=350%2C200","width":350,"height":200},"classes":[]},{"id":2,"url":"https:\/\/blogs.avui.cat\/pepmoliner\/quant-a\/","url_meta":{"origin":1707,"position":1},"title":"Informaci\u00f3","author":"Pep Moliner","date":"19 d'agost de 2016","format":false,"excerpt":"El meu blog, blog d\u2019en Pep, que va lligat amb el domini http:\/\/www.pepmoliner.cat \u00e9s eminentment esportiu i hi escric cr\u00f2niques, exposo fotografies, anuncio curses on vaig, perqu\u00e8 el lector se\u2019n faci una idea de la meva visi\u00f3 d\u2019un entrenament, d\u2019una competici\u00f3, d\u2019una fotografia. El gust per la fotografia en ve\u2026","rel":"","context":"A &quot;General&quot;","block_context":{"text":"General","link":"https:\/\/blogs.avui.cat\/pepmoliner\/category\/general\/"},"img":{"alt_text":"","src":"","width":0,"height":0},"classes":[]}],"_links":{"self":[{"href":"https:\/\/blogs.avui.cat\/pepmoliner\/wp-json\/wp\/v2\/pages\/1707","targetHints":{"allow":["GET"]}}],"collection":[{"href":"https:\/\/blogs.avui.cat\/pepmoliner\/wp-json\/wp\/v2\/pages"}],"about":[{"href":"https:\/\/blogs.avui.cat\/pepmoliner\/wp-json\/wp\/v2\/types\/page"}],"author":[{"embeddable":true,"href":"https:\/\/blogs.avui.cat\/pepmoliner\/wp-json\/wp\/v2\/users\/171"}],"replies":[{"embeddable":true,"href":"https:\/\/blogs.avui.cat\/pepmoliner\/wp-json\/wp\/v2\/comments?post=1707"}],"version-history":[{"count":50,"href":"https:\/\/blogs.avui.cat\/pepmoliner\/wp-json\/wp\/v2\/pages\/1707\/revisions"}],"predecessor-version":[{"id":4731,"href":"https:\/\/blogs.avui.cat\/pepmoliner\/wp-json\/wp\/v2\/pages\/1707\/revisions\/4731"}],"wp:attachment":[{"href":"https:\/\/blogs.avui.cat\/pepmoliner\/wp-json\/wp\/v2\/media?parent=1707"}],"curies":[{"name":"wp","href":"https:\/\/api.w.org\/{rel}","templated":true}]}}

<h2>Si vols aparèixer en aquest blog, et faig un banner de forma gratuita</h2>
<p><strong><a href="mailto:pep@mossenhoms.be">vols el teu banner?</a></strong></p>
<p>&nbsp;</p>
<table cellspacing="0" align="center">
<tbody>
<tr style="text-align: justify">
<td></td>
<td></td>
<td></td>
</tr>
<tr style="text-align: justify">
<td>
<h3><a href="http://www.elroure.net/" target="_blank" rel="noopener noreferrer"><img data-recalc-dims="1" decoding="async" src="https://i0.wp.com/elroure.net/rourenet.gif" alt="" /></a></h3>
</td>
<td></td>
<td>
<h3><a href="http://www.elroure.net/fisioterapiaroura/" target="_blank" rel="noopener noreferrer"><img data-recalc-dims="1" decoding="async" src="https://i0.wp.com/elroure.net/fisioterapiaroura/Fisioterapia_elroure.gif" alt="" /></a></h3>
</td>
</tr>
<tr style="text-align: justify">
<td> <a href="http://www.grevolsalut.com/" target="_blank" rel="noopener noreferrer"><img data-recalc-dims="1" decoding="async" src="https://i0.wp.com/www.elroure.net/grevol/grevol_salut.gif" alt=""  align="top" /></a></td>
<td></td>
<td><a href="http://www.egargrafic.com/" target="_blank" rel="noopener noreferrer"><img data-recalc-dims="1" decoding="async" src="https://i0.wp.com/www.josepmoliner.com/egargrafic2.gif" alt="" /></a></td>
</tr>
<tr style="text-align: justify">
<td></td>
<td></td>
<td></td>
</tr>
<tr style="text-align: justify">
<td> <a href="http://civeracampoy.com/index.php/es/" target="_blank" rel="noopener noreferrer"><img data-recalc-dims="1" decoding="async" src="https://i0.wp.com/josepmoliner.com/Civera%26Campoy.gif" alt="" /></a></td>
<td></td>
<td> <a href="http://www.eledevall.com/" target="_blank" rel="noopener noreferrer"><img data-recalc-dims="1" decoding="async" src="https://i0.wp.com/josepmoliner.com/eledevall.gif" alt="" /></a></td>
</tr>
<tr style="text-align: justify">
<td></td>
<td></td>
<td></td>
</tr>
<tr style="text-align: justify">
<td> <strong><a href="mailto:banner@mossenhoms.be">vols el teu banner?</a></strong></td>
<td></td>
<td> <strong><a href="mailto:banner@mossenhoms.be">vols el teu banner?</a></strong></td>
</tr>
</tbody>
</table>
<p>&nbsp;</p>

<p>Si vols aparèixer en aquest blog, et faig un banner de forma gratuita vols el teu banner? &nbsp;        vols el teu banner?  vols el teu banner? &nbsp;</p>

Com que havia treballat pel meu compte, i no em sortia a conte, poso el meu logo a les cròniques, per què penseu amb mi si us surt la necessitat. Obert a les teves propostes. Escriure a aquest blog és una afició. Poso alguna cosa del que havia fet i sé fer.…

Informació

El meu blog, blog d’en Pep, que va lligat amb el domini http://www.pepmoliner.cat és eminentment esportiu i hi escric cròniques, exposo fotografies, anuncio curses on vaig, perquè el lector se’n faci una idea de la meva visió d’un entrenament, d’una competició, d’una fotografia. El gust per la fotografia en ve…
