{"id":1248,"date":"2012-02-07T13:36:05","date_gmt":"2012-02-07T12:36:05","guid":{"rendered":"http:\/\/blogs.avui.cat\/pepmoliner\/files\/2012\/02\/josepmolinerDisseny381x111.gif"},"modified":"2012-02-07T13:36:05","modified_gmt":"2012-02-07T12:36:05","slug":"josepmolinerdisseny381x111","status":"inherit","type":"attachment","link":"https:\/\/blogs.avui.cat\/pepmoliner\/2012\/02\/08\/neva-a-can-roure-correm-mhi\/josepmolinerdisseny381x111\/","title":{"rendered":"DISSENY Pep Moliner"},"author":171,"featured_media":0,"comment_status":"open","ping_status":"open","template":"","meta":{"jetpack_post_was_ever_published":false},"class_list":["post-1248","attachment","type-attachment","status-inherit","hentry"],"jetpack_sharing_enabled":true,"jetpack_shortlink":"https:\/\/wp.me\/aagkiK-k8","description":{"rendered":"<p class=\"attachment\"><a href=\"https:\/\/i0.wp.com\/blogs.avui.cat\/pepmoliner\/files\/2012\/02\/josepmolinerDisseny381x111.gif?ssl=1\"><img loading=\"lazy\" decoding=\"async\" width=\"300\" height=\"87\" src=\"https:\/\/i0.wp.com\/blogs.avui.cat\/pepmoliner\/files\/2012\/02\/josepmolinerDisseny381x111.gif?fit=300%2C87&amp;ssl=1\" class=\"attachment-medium size-medium\" alt=\"SOC DISSENYADOR I TREBALLO COM AUT\u00d2NOM, ESPERO LA TEVA COMANDA ;)\" srcset=\"https:\/\/i0.wp.com\/blogs.avui.cat\/pepmoliner\/files\/2012\/02\/josepmolinerDisseny381x111.gif?w=381&amp;ssl=1 381w, https:\/\/i0.wp.com\/blogs.avui.cat\/pepmoliner\/files\/2012\/02\/josepmolinerDisseny381x111.gif?resize=300%2C87&amp;ssl=1 300w\" sizes=\"auto, (max-width: 300px) 100vw, 300px\" data-attachment-id=\"1248\" data-permalink=\"https:\/\/blogs.avui.cat\/pepmoliner\/2012\/02\/08\/neva-a-can-roure-correm-mhi\/josepmolinerdisseny381x111\/\" data-orig-file=\"https:\/\/i0.wp.com\/blogs.avui.cat\/pepmoliner\/files\/2012\/02\/josepmolinerDisseny381x111.gif?fit=381%2C111&amp;ssl=1\" data-orig-size=\"381,111\" data-comments-opened=\"0\" data-image-meta=\"{&quot;aperture&quot;:&quot;0&quot;,&quot;credit&quot;:&quot;&quot;,&quot;camera&quot;:&quot;&quot;,&quot;caption&quot;:&quot;&quot;,&quot;created_timestamp&quot;:&quot;0&quot;,&quot;copyright&quot;:&quot;&quot;,&quot;focal_length&quot;:&quot;0&quot;,&quot;iso&quot;:&quot;0&quot;,&quot;shutter_speed&quot;:&quot;0&quot;,&quot;title&quot;:&quot;&quot;}\" data-image-title=\"DISSENY Pep Moliner\" data-image-description=\"&lt;p&gt;Com que treballo &lt;strong&gt;pel meu compte&lt;\/strong&gt;, poso el meu logo a les cr\u00f2niques, i donar a con\u00e8ixer la meva feina. Si em vols fer un enc\u00e0rrec, posa&amp;#8217;t en contacte al meu mail o al formulari de contacte.&lt;\/p&gt;\n&lt;p&gt;  Ja ho saps, doncs. No em tanco a res ni a ning\u00fa, professionalment, vol dir que si creus que puc encaixar en un altre aspecte, en parlem. La crisi \u00e9s per tothom i avui dia tenir feina \u00e9s un tresor.&lt;\/p&gt;\n&lt;p&gt;  Pots consultar m\u00e9s o menys el que faig a: &lt;a href=&quot;https:\/\/sites.google.com\/site\/dissenyjosepmoliner\/&quot; target=&quot;_blank&quot;&gt;http:\/\/disseny.josepmoliner.com&lt;\/a&gt; , encara que estic obert al que sigui .&lt;\/p&gt;\n&lt;p&gt;Moltes gr\u00e0cies per endavant&lt;\/p&gt;&lt;\/p&gt;\n\" data-image-caption=\"&lt;p&gt;Vols que faci de dissenyador per tu ? escriu-me sense comprom\u00eds :)&lt;\/p&gt;\n\" data-medium-file=\"https:\/\/i0.wp.com\/blogs.avui.cat\/pepmoliner\/files\/2012\/02\/josepmolinerDisseny381x111.gif?fit=300%2C87&amp;ssl=1\" data-large-file=\"https:\/\/i0.wp.com\/blogs.avui.cat\/pepmoliner\/files\/2012\/02\/josepmolinerDisseny381x111.gif?fit=381%2C111&amp;ssl=1\" \/><\/a><\/p>\n<p>Com que treballo <strong>pel meu compte<\/strong>, poso el meu logo a les cr\u00f2niques, i donar a con\u00e8ixer la meva feina. Si em vols fer un enc\u00e0rrec, posa&#8217;t en contacte al meu mail o al formulari de contacte.<\/p>\n<p>  Ja ho saps, doncs. No em tanco a res ni a ning\u00fa, professionalment, vol dir que si creus que puc encaixar en un altre aspecte, en parlem. La crisi \u00e9s per tothom i avui dia tenir feina \u00e9s un tresor.<\/p>\n<p>  Pots consultar m\u00e9s o menys el que faig a: <a href=\"https:\/\/sites.google.com\/site\/dissenyjosepmoliner\/\" target=\"_blank\">http:\/\/disseny.josepmoliner.com<\/a> , encara que estic obert al que sigui .<\/p>\n<p>Moltes gr\u00e0cies per endavant<\/p><\/p>\n"},"caption":{"rendered":"<p>Vols que faci de dissenyador per tu ? escriu-me sense comprom\u00eds \ud83d\ude42<\/p>\n"},"alt_text":"SOC DISSENYADOR I TREBALLO COM AUT\u00d2NOM, ESPERO LA TEVA COMANDA ;)","media_type":"image","mime_type":"image\/gif","media_details":{"width":"381","height":"111","hwstring_small":"height='37' width='128'","file":"2012\/02\/josepmolinerDisseny381x111.gif","sizes":{"thumbnail":{"file":"josepmolinerDisseny381x111-150x111.gif","width":"150","height":"111","source_url":"https:\/\/i0.wp.com\/blogs.avui.cat\/pepmoliner\/files\/2012\/02\/josepmolinerDisseny381x111.gif?resize=150%2C111&ssl=1"},"medium":{"file":"josepmolinerDisseny381x111-300x87.gif","width":"300","height":"87","source_url":"https:\/\/i0.wp.com\/blogs.avui.cat\/pepmoliner\/files\/2012\/02\/josepmolinerDisseny381x111.gif?fit=300%2C87&ssl=1"},"full":{"file":"josepmolinerDisseny381x111.gif?fit=381%2C111&ssl=1","width":381,"height":111,"mime_type":"image\/gif","source_url":"https:\/\/i0.wp.com\/blogs.avui.cat\/pepmoliner\/files\/2012\/02\/josepmolinerDisseny381x111.gif?fit=381%2C111&ssl=1"}},"image_meta":{"aperture":"0","credit":"","camera":"","caption":"","created_timestamp":"0","copyright":"","focal_length":"0","iso":"0","shutter_speed":"0","title":""}},"post":1249,"source_url":"https:\/\/blogs.avui.cat\/pepmoliner\/files\/2012\/02\/josepmolinerDisseny381x111.gif","_links":{"self":[{"href":"https:\/\/blogs.avui.cat\/pepmoliner\/wp-json\/wp\/v2\/media\/1248","targetHints":{"allow":["GET"]}}],"collection":[{"href":"https:\/\/blogs.avui.cat\/pepmoliner\/wp-json\/wp\/v2\/media"}],"about":[{"href":"https:\/\/blogs.avui.cat\/pepmoliner\/wp-json\/wp\/v2\/types\/attachment"}],"author":[{"embeddable":true,"href":"https:\/\/blogs.avui.cat\/pepmoliner\/wp-json\/wp\/v2\/users\/171"}],"wp:attached-to":[{"embeddable":true,"post_type":"post","id":1249,"href":"https:\/\/blogs.avui.cat\/pepmoliner\/wp-json\/wp\/v2\/posts\/1249"}],"curies":[{"name":"wp","href":"https:\/\/api.w.org\/{rel}","templated":true}]}}

<p class="attachment"><a href="https://i0.wp.com/blogs.avui.cat/pepmoliner/files/2012/02/josepmolinerDisseny381x111.gif?ssl=1"><img loading="lazy" decoding="async" width="300" height="87" src="https://i0.wp.com/blogs.avui.cat/pepmoliner/files/2012/02/josepmolinerDisseny381x111.gif?fit=300%2C87&amp;ssl=1" class="attachment-medium size-medium" alt="SOC DISSENYADOR I TREBALLO COM AUTÒNOM, ESPERO LA TEVA COMANDA ;)" srcset="https://i0.wp.com/blogs.avui.cat/pepmoliner/files/2012/02/josepmolinerDisseny381x111.gif?w=381&amp;ssl=1 381w, https://i0.wp.com/blogs.avui.cat/pepmoliner/files/2012/02/josepmolinerDisseny381x111.gif?resize=300%2C87&amp;ssl=1 300w" sizes="auto, (max-width: 300px) 100vw, 300px" data-attachment-id="1248" data-permalink="https://blogs.avui.cat/pepmoliner/2012/02/08/neva-a-can-roure-correm-mhi/josepmolinerdisseny381x111/" data-orig-file="https://i0.wp.com/blogs.avui.cat/pepmoliner/files/2012/02/josepmolinerDisseny381x111.gif?fit=381%2C111&amp;ssl=1" data-orig-size="381,111" data-comments-opened="0" data-image-meta="{&quot;aperture&quot;:&quot;0&quot;,&quot;credit&quot;:&quot;&quot;,&quot;camera&quot;:&quot;&quot;,&quot;caption&quot;:&quot;&quot;,&quot;created_timestamp&quot;:&quot;0&quot;,&quot;copyright&quot;:&quot;&quot;,&quot;focal_length&quot;:&quot;0&quot;,&quot;iso&quot;:&quot;0&quot;,&quot;shutter_speed&quot;:&quot;0&quot;,&quot;title&quot;:&quot;&quot;}" data-image-title="DISSENY Pep Moliner" data-image-description="&lt;p&gt;Com que treballo &lt;strong&gt;pel meu compte&lt;/strong&gt;, poso el meu logo a les cròniques, i donar a conèixer la meva feina. Si em vols fer un encàrrec, posa&amp;#8217;t en contacte al meu mail o al formulari de contacte.&lt;/p&gt;
&lt;p&gt;  Ja ho saps, doncs. No em tanco a res ni a ningú, professionalment, vol dir que si creus que puc encaixar en un altre aspecte, en parlem. La crisi és per tothom i avui dia tenir feina és un tresor.&lt;/p&gt;
&lt;p&gt;  Pots consultar més o menys el que faig a: &lt;a href=&quot;https://sites.google.com/site/dissenyjosepmoliner/&quot; target=&quot;_blank&quot;&gt;http://disseny.josepmoliner.com&lt;/a&gt; , encara que estic obert al que sigui .&lt;/p&gt;
&lt;p&gt;Moltes gràcies per endavant&lt;/p&gt;&lt;/p&gt;
" data-image-caption="&lt;p&gt;Vols que faci de dissenyador per tu ? escriu-me sense compromís :)&lt;/p&gt;
" data-medium-file="https://i0.wp.com/blogs.avui.cat/pepmoliner/files/2012/02/josepmolinerDisseny381x111.gif?fit=300%2C87&amp;ssl=1" data-large-file="https://i0.wp.com/blogs.avui.cat/pepmoliner/files/2012/02/josepmolinerDisseny381x111.gif?fit=381%2C111&amp;ssl=1" /></a></p>
<p>Com que treballo <strong>pel meu compte</strong>, poso el meu logo a les cròniques, i donar a conèixer la meva feina. Si em vols fer un encàrrec, posa&#8217;t en contacte al meu mail o al formulari de contacte.</p>
<p>  Ja ho saps, doncs. No em tanco a res ni a ningú, professionalment, vol dir que si creus que puc encaixar en un altre aspecte, en parlem. La crisi és per tothom i avui dia tenir feina és un tresor.</p>
<p>  Pots consultar més o menys el que faig a: <a href="https://sites.google.com/site/dissenyjosepmoliner/" target="_blank">http://disseny.josepmoliner.com</a> , encara que estic obert al que sigui .</p>
<p>Moltes gràcies per endavant</p></p>

<p>Vols que faci de dissenyador per tu ? escriu-me sense compromís 🙂</p>

SOC DISSENYADOR I TREBALLO COM AUTÒNOM, ESPERO LA TEVA COMANDA ;)
